= 0. Suppose -g + 11 + 31 = 3*v, v - 2*g = 21. Calculate the remainder when l is divided by v.
12
Suppose -5*j + 7*j = 20. Calculate the remainder when 18 is divided by j.
8
Suppose 4 = -5*y - 1. Let o = y + 18. What is the remainder when 33 is divided by o?
16
Suppose 8*l - 5*k = 4*l + 43, 2*l + k - 25 = 0. Suppose -12 = -3*x - 5*z, -5*x + 3*z + l = -8. What is the remainder when 9 is divided by x?
1
Let o(m) be the third derivative of 2*m**5/15 - m**3/6 - m**2. What is the remainder when o(-1) is divided by 5?
2
Let i(k) = 22*k**3 - 5*k**2 - k + 4. Let v be i(4). Let g be (-4)/(-10) + v/(-20). Let u = -14 - g. Calculate the remainder when u is divided by 18.
16
Let d(o) = 6*o**2 + o - 4. Let j be d(-3). Let m = j + -21. What is the remainder when 50 is divided by m?
24
Let g be 4/10 + 7/(-5). Let v = g - -1. Suppose -5*t + v*t = -20. What is the remainder when 7 is divided by t?
3
Let l(x) = -x**3 - 13*x**2 - 2*x - 17. Suppose 64 = -2*t + 6*t. Calculate the remainder when t is divided by l(-13).
7
Suppose 0 = 5*q - 639 - 21. Let p = 74 + q. Calculate the remainder when (-3)/9 + p/6 is divided by 12.
10
Let i(m) = m**3 + 13*m**2 + m - 10. Let p(l) = -l**3 - 14*l**2 - l + 10. Let x(g) = 5*i(g) + 4*p(g). What is the remainder when x(-8) is divided by 12?
10
Let s(z) = z + 12. Let d(x) = -x**3 - x**2 + 1. Let r be d(1). Let a(y) = -3*y**3 + y + 1. Calculate the remainder when s(-7) is divided by a(r).
2
Let a = 39 + -13. What is the remainder when a is divided by 15?
11
Let y = 7 - 4. Let h(n) = -2*n**2 - 4 - 2*n**2 - y*n - n**2 - n**3. What is the remainder when 20 is divided by h(-5)?
9
Let a = 107 - 76. Suppose -2*o = -4*p + 8, -5*p + 6 = -o + 2. Suppose -11 = -p*j - j. What is the remainder when a is divided by j?
9
Suppose 27 = 8*h - 29. What is the remainder when 18 is divided by h?
4
Suppose -r + 14 = -24. Calculate the remainder when r is divided by 13.
12
Suppose -2*o + 10 - 33 = -3*j, -3*o = -j + 17. Let f = o + 16. What is the remainder when 46 is divided by f?
10
Let p be ((-180)/3)/((-4)/26). Calculate the remainder when ((-2)/6)/((-5)/p) is divided by 9.
8
Let i = 4 + -1. Suppose i*m = 13 - 1. Suppose -5*b + 75 = 2*s, -m*b + 39 = -s + 2*s. Calculate the remainder when s is divided by 12.
11
What is the remainder when 25 is divided by (25/(-10) - -2)*-20?
5
Let r(t) = -28*t**3 - t**2 + t. Let m be r(1). Let a = 49 + m. What is the remainder when a is divided by 6?
3
Suppose 2*w = -3*r + r + 140, -w = -r + 66. Suppose 2*c + 2*c = r. What is the remainder when c is divided by 6?
5
Let u = 13 - -3. Let p = 8 - u. Let q = 14 - p. Calculate the remainder when q is divided by 8.
6
Suppose -282 = -5*n + 3*u, 8*n - 3*n = -u + 286. Let y = 19 - n. Calculate the remainder when 0/(-2) + (5 - y) is divided by 22.
21
What is the remainder when 23 is divided by -4*(-9)/12 + 5?
7
Let h(l) = 5*l + 8. Calculate the remainder when h(6) is divided by 26*4*(-1)/(-8).
12
Let q(a) = -a**3 + a. Let n be q(0). Suppose n = t - 3 - 4. Let r(x) = -21*x**3 - 2*x**2 - 2*x - 1. What is the remainder when r(-1) is divided by t?
6
Calculate the remainder when 39 is divided by 82*15/54 - 4/(-18).
16
Let q be (-16)/2*1/2. Let h(n) = -n**2 - 4*n + 2. Let b(k) = -2*k**2 - 8*k + 4. Let u(g) = -2*b(g) + 5*h(g). Calculate the remainder when u(q) is divided by 2.
0
Suppose -9 = -g + 4*c + 12, 0 = 4*g + 5*c. Suppose -x + 0*w = w - 19, -2*w + 52 = 3*x. What is the remainder when x is divided by g?
4
Suppose -2*a + 5*a = 2*z - 12, -5*z + 8 = -2*a. Suppose 7*x - 20 = 2*x, p - 5*x + 12 = z. Calculate the remainder when 30 is divided by p.
6
Let b = 35 + -1. Calculate the remainder when b is divided by -1 + (0 - -13*1).
10
Calculate the remainder when 176 is divided by ((-36)/5)/((-7)/(315/18)).
14
Let i(k) = 3*k - 3. Let w(j) = 3*j**2 - 4*j + 3. Let n be w(2). Suppose 0 = -0*o - 4*o + 40. Calculate the remainder when i(n) is divided by o.
8
Suppose 3*x = 2*x - 7. Let a(k) = k**3 + 6*k**2 - 8*k + 6. What is the remainder when a(x) is divided by 5?
3
Calculate the remainder when 27 is divided by (-12)/(-15) + (-138)/(-15).
7
Suppose -3*r = -3*b - 111 + 21, b = -3. What is the remainder when r is divided by 15?
12
Let t(a) = -a**3 - 4*a**2 + 6*a - 1. Let y be t(-5). Let n = y + 12. Suppose -n*l + 51 = -3*l. Calculate the remainder when 49 is divided by l.
15
Let o(d) = d**2 - 2. What is the remainder when -3 + 2/2 + 36 is divided by o(3)?
6
Let x be 2/(-8) + (-14)/8. Suppose -2*o + 11 = -11. Calculate the remainder when x/4 - 126/(-4) is divided by o.
9
Let o(l) = -l**3 + 14*l**2 + 14*l + 20. Let p = 6 - 4. What is the remainder when o(15) is divided by p?
1
Suppose -f = -5*f - 5*u + 71, f - u = 20. Suppose -24 - 69 = 3*s. Let y = s + 87. Calculate the remainder when y is divided by f.
18
Suppose -10*v + 0*v = -520. Suppose 0 = -j - 2*n + 6 + 18, 4*j = 5*n + 57. What is the remainder when v is divided by j?
16
Let i(b) = -27*b. What is the remainder when i(-1) is divided by -3 - 0 - 26/(-2)?
7
Suppose d + 2*t + 24 = 3*d, -30 = -2*d - t. Calculate the remainder when 41 is divided by d.
13
Let p = 9 + 9. What is the remainder when p is divided by 7?
4
Suppose 80 - 264 = -4*r. What is the remainder when r is divided by 25?
21
Let h be (8/20)/((-1)/(-5)). Suppose 505 - 185 = h*f. Suppose 2*m - f = -3*m. What is the remainder when m is divided by 17?
15
Let h(u) = -3*u**2 + u**3 + 3*u - u**2 - 8*u + 9 - 6*u. Let t be h(7). Let l = -43 + t. What is the remainder when l is divided by 13?
10
Let z = -8 + 45. Calculate the remainder when z is divided by 19.
18
Suppose -4*c + 185 + 51 = 0. Suppose 5*l - c = 4*j, 2*j - 57 = -4*l + 11. What is the remainder when 28 is divided by l?
13
Let q be -1 - -5 - (8 + -10). Let y = q - -6. Calculate the remainder when 47 is divided by y.
11
Suppose -3*p + 2*p + 25 = 0. Let z = 21 + p. Let c(j) = -j**3 + 7*j**2 - 3*j + 6. Calculate the remainder when z is divided by c(6).
22
Let d(x) = x**3 + 11*x - 6. Calculate the remainder when d(5) is divided by 44.
42
Let s = -95 + 9. Suppose -333 = -4*w + 195. Let x = s + w. What is the remainder when x is divided by 16?
14
Suppose -y + 13 = -0. Calculate the remainder when y is divided by (-6)/(-2) + 6 - 1.
5
Calculate the remainder when 126 is divided by 30 + (-4)/(4/4).
22
Suppose -5*a + 3*k - 104 + 501 = 0, 0 = 4*a - 5*k - 328. What is the remainder when 307 is divided by a?
76
Suppose -5*b - 5*b + 120 = 0. Calculate the remainder when 106 is divided by b.
10
Let q(z) = 8*z - 5. What is the remainder when 105 is divided by q(4)?
24
Let w(i) = -9*i - 2. Let z(t) = -t**2 + 2*t**2 + 3 - 5. What is the remainder when z(7) is divided by w(-2)?
15
Let k be 79/((-2)/(-2)) + -2. Let h = -39 + k. Suppose -g + h = g. What is the remainder when 55 is divided by g?
17
Let z(r) = -r**2 - r + 5. Let c(t) = -t**2 - t + 10. Let o(f) = 3*c(f) - 5*z(f). What is the remainder when o(5) is divided by 17?
14
Let q(r) = r**2 - 4*r - 3. Suppose -10*j - 32 = -14*j. What is the remainder when q(j) is divided by 8?
5
Suppose -n = -35 - 18. Suppose 0 = -5*r + i + n, r = 2*r + 3*i - 1. What is the remainder when 39 is divided by r?
9
Let u(x) = -x - 7. Let o be u(-10). Suppose -261 = -o*h - 51. Let g(q) = -3*q + 6. What is the remainder when h is divided by g(-6)?
22
What is the remainder when (-2 - (-3)/1)*(137 - 0) is divided by 20?
17
Suppose 0 = -4*y + 5*x + 6 + 3, 2*y = 2*x + 6. Calculate the remainder when -1 - 3*(1 + -7) is divided by y.
5
Let t = 5 + -12. Let v = 4 + t. Calculate the remainder when 2*v/6*-1 is divided by 1.
0
Let t = 37 - 22. Let o(g) be the third derivative of 2*g**5/15 + 3*g**2. Calculate the remainder when t is divided by o(-1).
7
Let w be (-2 - 0) + 2 - -108. Let g = w + -57. What is the remainder when g is divided by 18?
15
Let a = 2 + -7. What is the remainder when 29 is divided by a/(15/(-33)) + -3?
5
Suppose -3*p - 3*u - 33 = -p, 0 = 5*p + 5*u + 90. Calculate the remainder when 7 is divided by (-1 - -2)*p/(-7).
1
Let o be (10/(-3))/((-8)/12). Suppose -2*a + o*a - n - 8 = 0, -3*a - 2 = 4*n. Let w = -6 + 7. Calculate the remainder when a is divided by w.
0
What is the remainder when 38 is divided by 0 + -1 + (-12)/4*-3?
6
Suppose 6 + 47 = 3*j - m, 5*m = 5. Calculate the remainder when j is divided by 